rime factors of x.
31
Let a(f) = -5*f**3 - f**2 + f + 1. Let l be a(-1). Suppose 0 = -2*b + l. What are the prime factors of b?
2
Let j(k) be the second derivative of k**4/12 - k**3/6 + k**2 - k. Let t(x) = -2*x**3 - 2*x**2 + 3*x + 2. Let o be t(-2). What are the prime factors of j(o)?
2, 7
Let p(g) = 39*g**2 - 7*g - 3. List the prime factors of p(3).
3, 109
Suppose -2*u + 0*u + 30 = 0. List the prime factors of u.
3, 5
Let o(a) = -a + 2. Let z be o(0). Suppose z*l + 115 = 7*l. What are the prime factors of l?
23
Let s(l) = -14*l - 4. List the prime factors of s(-3).
2, 19
Suppose -2*a - 10 = 3*a. Suppose 0 = -11*n + 13*n. What are the prime factors of (1/a - n)*-16?
2
Let b(c) be the first derivative of 4*c**2 + 3*c - 8. List the prime factors of b(4).
5, 7
Let i(u) = -u**3 + 6. Let c be i(0). Let y(b) = -b**2 + 11*b - 4. List the prime factors of y(c).
2, 13
Let u = 65 + 7. Suppose -4*o + 20 = 0, -27 - u = -4*f + 5*o. What are the prime factors of f?
31
Suppose 3*p = 6*p - 333. Suppose 4*w = -35 + p. What are the prime factors of w?
19
Let y(d) = 2*d**2 + d - 3. Let n = 4 - 9. Let i be y(n). Suppose 3*q - i + 9 = 0. List the prime factors of q.
11
Let y(c) be the third derivative of -2*c**2 + 1/6*c**3 - 1/6*c**4 + 0*c + 0. List the prime factors of y(-1).
5
Let c be 5 - (-1 + 0)*-1. Let q(y) = -y**3 + 4*y**2 + 5. Let k be q(c). Suppose k = 5*x - 5. List the prime factors of x.
2
Suppose 0*g + g - 45 = 0. Suppose 0 = -0*w + 5*w + 3*z - g, -w - 4*z = -26. What are the prime factors of w?
2, 3
Let g(h) = h**3 + 5*h**2 + 3*h. Let m = -30 - -14. Let j be m/10 + (-10)/25. What are the prime factors of g(j)?
2, 3
Let b = 0 + 14. Let u = -7 + b. Let x = u - 5. What are the prime factors of x?
2
Suppose 2*o = 3*u - o - 45, 4*o = -3*u + 10. Let n(r) = -r**3 + 11*r**2 - 11*r + 7. Let s be n(u). Let f = -1 - s. List the prime factors of f.
2
Suppose 304 = 5*j + 3*j. What are the prime factors of j?
2, 19
Let u(h) = h + 21. List the prime factors of u(10).
31
Suppose -2*v - 272 = -5*v - 4*d, -5*v + 2*d = -488. What are the prime factors of v?
2, 3
Let n be (-6)/(-3) + 1 - -3. Suppose -x + n*x - 125 = 0. List the prime factors of x.
5
Suppose w - c - 3 + 4 = 0, -2 = -4*w - 2*c. Suppose w*o + 4 = o. Suppose o*p - 2 = -2*b - 0, 10 = 5*b + 5*p. List the prime factors of b.
3
Let w be ((-2)/(-4))/((-1)/(-26)). Let d = 38 - w. List the prime factors of d.
5
Let c be 3/9 - 152/6. List the prime factors of (-10)/c - (-33)/5.
7
Let g = -12 - -5. Let k = 13 + g. What are the prime factors of (-16)/k*-3 + -2?
2, 3
List the prime factors of (-1)/(8/44)*-24.
2, 3, 11
Let v = 2 - 1. Let i = -1 + v. Suppose i*a + 6 = 3*a. List the prime factors of a.
2
Let d be (36 - 2) + 1/1. Suppose 0 = -5*r - 0*r + 25. What are the prime factors of d/r*(2 - 1)?
7
Suppose -5*w - 4*h = -46, -5*w + 6*h + 42 = 9*h. List the prime factors of w.
2, 3
Suppose 4*j + 5*x = 16, 4*x - 20 = -5*j + x. Let f be j/6 + (-10)/6. List the prime factors of (-12)/f*1/2.
2, 3
Let v(b) = b**2 + 5*b - 9. Let o be v(-7). Suppose -4*r - 5*i + o = -4, 2*i - 24 = -5*r. List the prime factors of r.
2, 3
Let h = -11 - -65. List the prime factors of h.
2, 3
Let c(r) = 0*r**2 - 2*r + r**2 - 3*r - 10 + r**2. What are the prime factors of c(7)?
53
Let j(s) = s**3 + 14*s**2 - 9*s - 30. List the prime factors of j(-14).
2, 3
Let r = -9 - -21. Let g = r + -6. Let k(y) = y + 6. What are the prime factors of k(g)?
2, 3
Let t = 19 + -14. Suppose 0 = 3*q - t*q + 76. List the prime factors of q.
2, 19
Let i(w) = w + 2. Let m be i(3). Suppose 0 = -4*c + j - m*j, 18 = 4*c - 5*j. What are the prime factors of (-2)/((1/c)/(-1))?
2
Let b be (1 - (-1)/(-2))*8. Let k be 4/(-10) - b/(-10). Suppose -3*c + 6 = k, 0*d - 3*c + 24 = 2*d. List the prime factors of d.
3
Let r = 2 - -3. Let t(p) = -p**2 + 6*p - 2. Let d be t(r). Suppose -2*h + d*h - 7 = 0. List the prime factors of h.
7
Let p be 0/(7/(28/(-8))). Suppose p = 5*o - 3*o - 56. List the prime factors of o.
2, 7
Let k = -2 - -5. Suppose -3*g - 18 + 3 = 0, k*s + 4*g - 13 = 0. List the prime factors of s.
11
List the prime factors of (-4 + (-20)/(-6))*-126.
2, 3, 7
Let f(d) = -d**2 + 6*d + 9. Let h(q) = -q**3 + 4*q**2 + 7*q - 7. Let p be h(5). Let l be ((-7)/p)/(2/(-6)). List the prime factors of f(l).
2
Let x = 18 + 52. List the prime factors of x.
2, 5, 7
Let k be 3/((-2)/4 - 1). List the prime factors of (4 - (-2)/k) + 2.
5
Let s(t) = t**3 + 2*t**2 - t + 2. Let o be s(-2). Suppose 0*i - 120 = -o*i. What are the prime factors of i?
2, 3, 5
Let o = 7 - 5. Suppose 0*t - o*t = -14. List the prime factors of t.
7
Suppose 11 = p + 2*d, -5*p + 0*d + 5*d - 20 = 0. Let n be 1*(12 + -1 - p). Let x = -7 + n. What are the prime factors of x?
3
List the prime factors of 2/3 - (-1185)/45.
3
List the prime factors of (2 + -1)/(5 - (-282)/(-57)).
19
Suppose 0*s - 4*s + 724 = 0. List the prime factors of s.
181
Let z = 5 - 1. Suppose -3*q + 81 = 5*c, -c + 3*c - 38 = -z*q. List the prime factors of c.
3, 5
What are the prime factors of (-8)/(-28) - (-1494)/14?
107
Suppose -m + 2*m - 6 = 4*l, 0 = -3*l - 3. Let i = 0 - -4. Suppose m*y - 6 = i. What are the prime factors of y?
5
What are the prime factors of -2 + (-423)/2*28/(-21)?
2, 5, 7
Suppose 0 = -3*g + 3, 249 = -0*c + 4*c + g. List the prime factors of c.
2, 31
List the prime factors of 14/2 + 4*(-4)/8.
5
Let j(x) = x**3 + 5*x**2 - 6*x - 6. Let h be j(-6). Let k(q) = q**2 - 8. Let t be k(h). Suppose -2*p - 8 + t = 0. What are the prime factors of p?
2, 5
Let k = -5 - -15. Let f(q) = q**3 - 2*q**2 - 2*q - 2. Let p be f(3). Suppose -5*g = -5, -g + k - p = 4*y. What are the prime factors of y?
2
Suppose -2*l = -l. Suppose z - 5 - 16 = l. What are the prime factors of z?
3, 7
Let h be (1/(-2))/(7/(-182)). Suppose 4*w + 0*w + g = h, -5*w - 2*g = -20. List the prime factors of w.
2
Let g(h) = -2*h - 2. Suppose -u + 15 + 23 = 0. Suppose -u = 5*b - 3. What are the prime factors of g(b)?
2, 3
Suppose 3*u = -2*u + 15. Suppose 3*g - u = 9. List the prime factors of g.
2
List the prime factors of 10/15*(-351)/(-6).
3, 13
Suppose -4 = -5*y + 3*y. Suppose -8 = -3*c + 2*i, 0 = -5*c + y*i + 21 - 9. Suppose -c*z + 16 = -z. What are the prime factors of z?
2
Let s(j) = -j**3 - 3*j**2 + 5*j - 1. Let w be s(-4). Let x = -3 - w. Suppose -2*m = -2*p + 20, -x*m + 1 = -0*p + p. What are the prime factors of p?
7
Let o(y) = 5*y**2 - 3*y - 1. List the prime factors of o(-2).
5
Suppose 4 = -2*c + 2. Let n be (-1 + c)/((-8)/68). Suppose -2*o + 2 = -0*o, 0 = 5*x + 2*o - n. List the prime factors of x.
3
Let t(d) = 3*d**2 + d + 1. Let c be t(2). Suppose -3 = -2*n + c. Suppose -2*m + n = m. List the prime factors of m.
3
Let g(p) = p**2 - 11*p - 4. Let w be g(8). List the prime factors of (-2)/2*(-3 + w).
31
Let n = 87 - 64. List the prime factors of n.
23
Let f(s) be the first derivative of -s**2 - 2*s - 2. Let y be f(-2). Suppose t - 50 = -5*h, -h = y*t + t - 10. List the prime factors of h.
2, 5
Let k = 32 + -16. List the prime factors of k.
2
Let a = -2 + 7. Suppose -5 - a = -5*y. List the prime factors of -2 + (y - -1*8).
2
Let r(o) = o**3 - 6*o**2 + 7*o - 4. Let u be r(5). What are the prime factors of (u/(-1) - 1)/(-1)?
7
Let c(a) = 5*a - 3. Let o be (2/(-6))/((-3)/27). List the prime factors of c(o).
2, 3
Suppose 4*t + 46 = 5*j, -j - 5*t = 15 - 1. Let x(m) = -m**2 + 3*m. Let w be x(3). Suppose -l + j*l - 55 = w. What are the prime factors of l?
11
Let m = -4 - -7. Suppose -2*s + 30 = 2*n, -n = -m*s + n + 60. Let t = s + -12. What are the prime factors of t?
2, 3
Suppose 0 = -5*p - 2*k - 3*k + 35, -4*k = p + 2. Suppose 0 = -2*c + i + 21, 2*c - 20 - p = -2*i. List the prime factors of (-180)/(-22) - c/66.
2
Let u(n) = n**2 + 1. Let w be 4 - (6/(-2) + 4). What are the prime factors of u(w)?
2, 5
Let b = 396 - 214. What are the prime factors of b?
2, 7, 13
Let q = 22 - 18. Suppose q*s - 128 = n - 0*n, -3*s + 96 = 3*n. What are the prime factors of s?
2
Let k(p) = -14*p + 3 - p**2 + 1 - 8. What are the prime factors of k(-11)?
29
Let x(p) = p - 1. Let i be x(-8). Let j(r) = -r**3 + 5*r + 4. Let z be j(-3). Let u = i + z. List the prime factors of u.
7
Let x = 31 - 61. Let f be x*((-12)/(-9))/(-1). Suppose -3*k = k - f. What are the prime factors of k?
2, 5
Let a(h